Let r be k(-1). What is the tens digit of u(r)?
1
Let p(m) = -m + 13. What is the units digit of p(-6)?
9
Let w be 1 + -3 - (-1 - -2). Let u = 4 - w. What is the units digit of u?
7
Suppose 3*w + 17 = 5*d, -2*d + 17 - 6 = 3*w. Suppose -d = -3*c + 17. What is the units digit of c?
7
Suppose 0 = 4*b - 5 - 3. What is the units digit of 7 - (-2 - (-2)/b)?
8
Suppose -38 = -5*q + 192. What is the tens digit of q?
4
Suppose 2*l + 78 = 5*l. Let h = -18 + l. What is the units digit of h?
8
Let i = -14 - -32. Let x = -11 + i. Suppose -2*t = 4*f - x*t - 13, -3*f + 3*t = -12. What is the units digit of f?
7
Suppose 5*v = v - 4. Let a be -5*v/(2 - 1). Suppose -a*k = -5*y - 0*y - 30, 4*k + 2*y = 0. What is the units digit of k?
2
Suppose -1 = -4*u + 15. Let i be u/3*(-12)/(-8). What is the units digit of (1 + (2 - i))*9?
9
Suppose -12 = 5*c - 32. Let l(r) = r + 6. Let h be l(-6). Suppose m - 5*m - 7 = x, h = c*x + m - 17. What is the units digit of x?
5
Let d = -47 + 34. Suppose 3*z + 18 = z. Let q = z - d. What is the units digit of q?
4
Let u be (-742)/10 + 5/25. Let x = u + 103. What is the units digit of x?
9
Let k be (-2 - -42) + -1 + -1. Let g = k - 14. What is the tens digit of g?
2
Let g(a) = a**3 - a**2 - a - 24. Let x be g(0). What is the units digit of -2*2/2 - x?
2
Suppose 1 = 4*o - 171. What is the tens digit of o?
4
Suppose -j + 4 = 1. Let h be (0 + j/(-4))*4. Let t = h - -6. What is the units digit of t?
3
Suppose 2*h - 3*d = 68, 0*h + 5*d = 3*h - 103. What is the units digit of h?
1
Let y be (-136)/(-36) - (-2)/9. Suppose j = y*j - 96. What is the units digit of j?
2
Suppose 0 = -5*f + 154 + 11. What is the tens digit of f?
3
Let a(s) = -3*s + 54. What is the hundreds digit of a(-16)?
1
Let m(n) = 2*n**2 + n - 26. What is the tens digit of m(-10)?
6
Suppose 0 = 3*a - 12. What is the units digit of a/10*(-5)/(-2)?
1
Let n(h) be the second derivative of h**3/6 + 2*h**2 + 16*h. Let w be 12 + (-2)/2 + 0. What is the units digit of n(w)?
5
Suppose 5*v = 69 + 26. Let x = -51 - -81. Let q = x - v. What is the units digit of q?
1
Suppose -6*f + 896 = 2*f. What is the units digit of f?
2
Suppose 17 = -2*x + 203. Suppose -3*h + x = 3*t, 5*t = -0*h + h - 13. What is the tens digit of h?
2
Let k = -5 - -11. Let j(h) = 3*h**3 - 6*h**2 + 1. Let x(n) = 7*n**3 - 12*n**2 + 1. Let f(b) = 5*j(b) - 2*x(b). What is the units digit of f(k)?
3
Let a(z) be the second derivative of z**3 - 3*z**2/2 - 3*z. What is the units digit of a(2)?
9
Suppose -6*f + f = 0. Suppose -2*h + 5*h - 2*n - 79 = 0, 5*n - 20 = f. What is the tens digit of h?
2
Let w = 93 - -102. What is the tens digit of w?
9
Suppose 0 = -4*z - 0*z + 160. What is the tens digit of z?
4
Let i(t) = t**2 + t + 22. Let a be i(0). Suppose 0 = 3*m + 4*q - a, 4*q + 4 = 3*m - 10. What is the units digit of m?
6
Let t(w) be the first derivative of w**3/3 - w**2 + 2*w - 2. Let y(o) = o**3 - o**2 - o + 2. Let l be y(2). What is the tens digit of t(l)?
1
Suppose 3*d + 2 = r + 12, -d - 3*r + 10 = 0. Suppose d*g + 56 = 8*g. What is the units digit of g?
4
Let l(c) = -3*c**3 - c**2 + c + 1. Let v be l(-1). Let g be v - (2 + 0) - -6. Suppose 0 = -3*p + g. What is the units digit of p?
2
Let d be ((-24)/(-10))/((-1)/5). Let u = 29 + d. What is the tens digit of u?
1
Let l(s) = -3*s**3 + 4*s**3 + 5*s**2 + 0 + s + 5 + 3*s. Let n be l(-4). Suppose -n*r = 3*v - 40, 5 = 4*v - 4*r + r. What is the units digit of v?
5
Suppose -3*f + 8*f - 20 = 0. Suppose t - f = o - t, 8 = 2*t. Suppose -o*v + 4*u + 36 = 0, 2*v - 2*u = v + 7. What is the units digit of v?
1
Suppose -2*b + 3*f - f = -108, -2*b + 104 = -4*f. What is the tens digit of b?
5
Let x = -11 - -15. Let d be 325/35 - x/14. Let o(r) = r**2 - 9*r + 12. What is the tens digit of o(d)?
1
Let n be 6/((2/(-1))/(-1)). Suppose -n*d = -d - 16. What is the units digit of d?
8
Let m = -8 - -23. What is the units digit of m?
5
Let s(b) = b**2 - 5*b - 30. What is the units digit of s(13)?
4
Let d be ((-15)/5)/(1/5). Let b = 23 + d. What is the units digit of b?
8
Suppose -9*i + 8 = -5*i. What is the tens digit of (-2 + -1 + i)*-13?
1
Suppose 0 = -7*t - t + 248. What is the tens digit of t?
3
Let w(i) = i**3 - 17*i**2 + 7*i - 19. What is the hundreds digit of w(17)?
1
Let o = -30 + 66. What is the tens digit of o?
3
Suppose -556 - 324 = -2*b. What is the units digit of b?
0
Let b(t) = 3*t - 10. Let v be b(8). Suppose -5*k = -20, 0 + v = 2*i + 2*k. Suppose -i*d + 0*s = 4*s - 41, 0 = -2*d + s + 9. What is the units digit of d?
7
Suppose 4*r = 5*g - 35, 5 = -2*r + r. Suppose -5*t = 4*n - 36, -t = 2*n - g*n. Suppose -2*z = -t*a + 58, -5 = a - 3*z - 22. What is the tens digit of a?
1
What is the tens digit of (3 + 96/9)*3?
4
Suppose 3*s - 5*k - 136 = 0, 0 = 4*s + s + 5*k - 240. Suppose -6*t + 4 = 2*j - 2*t, -3*t = -4*j - s. What is the units digit of j/(-2) - 0/1?
4
Let l(x) = -3*x + 3. Let c be l(-7). Suppose 5*v - c = 3*v. Suppose -5*b = -b - v. What is the units digit of b?
3
Suppose 5*s - 2*w + 47 = 0, 0 = w + 2*w - 3. Let f = s - -22. What is the units digit of f + (-1)/(1 + 0)?
2
Let y = -53 + 87. Suppose 0 = z + z - y. What is the units digit of z?
7
Let q(d) = 2 + 2*d - d + 3. What is the units digit of q(0)?
5
Let i(n) = 4*n - 6. Let a be i(4). What is the units digit of (1/2)/(5/a)?
1
What is the units digit of (-53)/((-3)/(2 + 1))?
3
Suppose -1 - 3 = -n. Suppose 3*x - n*x = -4. Suppose x*v - 10 = -4*f + 2*v, -3*f + 25 = -2*v. What is the units digit of f?
5
Let y = 663 + -437. What is the tens digit of y?
2
Let v be (-22)/55 + 244/10. Let u = 48 - v. What is the tens digit of u?
2
Let f(m) = -m + 35. What is the units digit of f(11)?
4
Let v(c) = c**2 - 5*c + 3. Suppose -5*m = 3*d - 6, -3*m = 3*d - 0*m - 12. What is the tens digit of v(d)?
1
Suppose -5*l - 1398 = -11*l. What is the tens digit of l?
3
Let l be -2 + 66/(5 + -2). Let m be (-5)/l + (-10)/(-8). Let v = m - -6. What is the units digit of v?
7
Suppose -135 = 4*s - 423. What is the tens digit of s?
7
Let z = 2 + 1. Suppose 3*d - 27 = -z*b, 5*b - 3*b - 20 = -d. What is the units digit of b?
1
Suppose 0 = -a - 4*a. Suppose -2*h = -a*h - 38. What is the tens digit of h?
1
Suppose 5*p = -0*p + 55. Let f = -10 + p. What is the units digit of f?
1
Suppose q - 4 = -0*q. Suppose n - q*p - 76 = -3*n, 4*p = 3*n - 52. Suppose n = 5*t - t. What is the units digit of t?
6
Let c(z) = 19*z**2 + z + 3. What is the units digit of c(2)?
1
Let o(q) be the second derivative of -q**3/6 + 5*q**2 + 2*q. What is the units digit of o(0)?
0
Let o(x) = -x**3 + x**2 - x + 25. What is the tens digit of o(0)?
2
What is the tens digit of (-1838)/(-9) + (-2)/9?
0
Let r = 102 - 73. What is the units digit of r?
9
Let k(x) = 3*x - 13. What is the units digit of k(6)?
5
Let r be (-1 - (2 + -2))*-2. Suppose -6 = r*l, -5*o - 4*l = l. Suppose -2*s + 4*s = u + 23, -o*u = -3*s + 36. What is the tens digit of s?
1
Let u(d) = 38*d + 4. What is the tens digit of u(2)?
8
Let a(c) = -25*c. What is the units digit of a(-1)?
5
Let w be 1*(1 + -2 + 6). Suppose w*b = b - 4. What is the units digit of 3 - 18/(1/b)?
1
Let p = 190 + -109. What is the tens digit of p?
8
Let u(r) = -r**2 - 3*r + 3. What is the units digit of u(0)?
3
Let z(n) = n**3 + 5*n**2 - n - 6. Let v be z(-5). Let s = v - -6. What is the units digit of s?
5
Let d = 6 + 1. Suppose -2 = -h + d. What is the units digit of h?
9
Let n(q) = q + 9. Let d be n(0). Suppose -i = -0*i - 4*h - 5, -4*i + 5*h = -d. What is the units digit of i?
1
Suppose 3233 = 13*u + 321. What is the hundreds digit of u?
2
Let t(w) = -27*w - 8. What is the units digit of t(-4)?
0
Suppose y = -4*y. Suppose y = -4*z - 0*w + 5*w, 0 = -2*z + 2*w + 2. What is the units digit of z?
5
Let y = 18 - 1. What is the tens digit of y?
1
Suppose -61 = -5*r - 4*h + 42, -4*r = h - 78. What is the units digit of r?
9
Let z = 17 + 7. Suppose -v + z = v. What is the units digit of v?
2
Suppose -76 = 9*c - 11*c. What is the tens digit of c?
3
Suppose 34 = 5*b + 9, -2*t = -2*b + 4. Let f(g) = g - 6. Let l be f(8). Let z = l + t. What is the units digit of z?
5
Suppose 3 = k + 3*x, -2*k + 4*x - 61 = 3*k. Let t = k - -16. What is the units digit of (-4)/(-4)*(t - 0)?
7
Let a(w) = -2*w - 6. Let i(l) = 3*l + 5. Let m(q) = 5*a(q) + 4*i(q). What is the u